et t be 46/6 - 28/42. Suppose -42 + 7 = -t*s. Suppose 186 = -4*x + s*x. What are the prime factors of x?
2, 3, 31
Let t be (-5)/(-30) - (-58)/12. Suppose 0 = -k - 3*i + 12, -2*k = 2*k - t*i + 3. List the prime factors of ((-4 + -125)/(-3))/(k/6).
2, 43
Let a be (-1)/(12/8 + -1) - 0. Let p(d) = 2*d**2 - 4. Let h be p(a). Suppose 5*n + 3 - 194 = -h*g, 0 = 2*g + 5*n - 83. What are the prime factors of g?
2, 3
Suppose -9 = -4*o - 57. Let a(j) be the third derivative of -13*j**4/24 + 35*j**3/6 - 57*j**2. List the prime factors of a(o).
191
Suppose -48*g = -24*g - 7200. Suppose r = -0*r + 4, t + 4*r = g. List the prime factors of t.
2, 71
Suppose 16*a - 25*a + 135 = 0. Suppose -a*q + 18*q - 2238 = 0. What are the prime factors of q?
2, 373
Suppose 5*o - 84*j - 70809 = -83*j, 4*j - 4 = 0. What are the prime factors of o?
2, 73, 97
Let x(b) = 617*b**2 + 5*b. List the prime factors of x(-2).
2, 1229
Let g(c) = c**3 - 2*c**2 - c + 61. Let h be g(0). Suppose -4*q = -2*d + 252, -2*d + 5*d - 189 = 3*q. Let j = h - q. List the prime factors of j.
2, 31
Let d be (-428)/(-2) - (-4)/(3/3). Suppose d = s - 228. What are the prime factors of s?
2, 223
List the prime factors of 0 + (-347550)/(-10) + -21.
2, 3, 7, 827
Suppose -23312 = -2*h + 2*r, 2*h = -19*r + 20*r + 23311. List the prime factors of h.
3, 5, 7, 37
Let m(q) = -q**3 - 5*q**2 - 5*q - 4. Let z(h) = h**2 + 9*h + 12. Let r be z(-8). Suppose -4*i + 3 = 2*k + i, -5*k - 42 = -r*i. List the prime factors of m(k).
2, 31
Let g(z) be the second derivative of 13*z**5/60 + 11*z**4/24 - 3*z**3 + 28*z. Let s(p) be the second derivative of g(p). List the prime factors of s(6).
167
Let c = 16 - -1. Suppose 105 = 12*m - c*m. List the prime factors of 2/(-6) - 1477/m.
2, 5, 7
Let u(z) = z**3 - 2*z**2 - 7*z - 3. Let m be u(-5). Suppose 1121*o - 1124*o = 4*r - 193, -4*o + 253 = r. Let q = o - m. What are the prime factors of q?
2, 103
Suppose 0 = -19*h + 74928 + 7098 + 238162. List the prime factors of h.
2, 11, 383
Let m = -48 - -54. Suppose -6*a + 6 = m. Suppose -4*h + 2*h + 3*p + 359 = a, 2*h - 5*p = 349. List the prime factors of h.
11, 17
Let r(l) = 23*l - 1. Let t(m) = -m**3 + 3*m**2 + 10*m + 6. Let b be t(5). Suppose -b = -7*w + 5*w. What are the prime factors of r(w)?
2, 17
Suppose 5*v = -3*q - 1450, 0 = -2*q - v - 1154 + 199. Let w = q + 822. What are the prime factors of w?
347
Let j(i) = 76*i - 124. Let l(s) = -3*s**2 + 62*s - 29. Let g be l(20). List the prime factors of j(g).
2, 89
Suppose 0*w = 4*s - 3*w - 161, -4*s = 2*w - 166. Let t = s + -28. Let p = t - -3. List the prime factors of p.
2
Suppose -5*a - 12711 = -b, -2*a = 68*b - 67*b - 12718. List the prime factors of b.
2, 11, 17
Suppose 19 - 94 = 5*w. Let b(i) = -45*i + 5 - 49*i + 126*i - 39*i + 3. What are the prime factors of b(w)?
113
Suppose -4*b = -0*b + 5*k - 65647, -5*b + 3*k = -82105. List the prime factors of b.
2, 8209
Let r = 21904 + -5685. List the prime factors of r.
7, 331
Suppose -g - 3*x + 23614 = 0, -4*x - 5630 = -g + 17977. List the prime factors of g.
7, 3373
Let u be (-1 + 0)/((-3)/15). Suppose 11 = -b + k + 3*k, -4*k = -u*b + 9. Suppose -w + 128 = 5*c - 238, 4*c - 287 = b*w. What are the prime factors of c?
73
Let f be (-6096)/(-9)*(8/16 - -1). What are the prime factors of (f/(-32) + -1)/((-1)/4)?
131
Let q = 1133 - 803. Suppose w - s - 370 = 3*s, -4*s = w - q. List the prime factors of w.
2, 5, 7
Let d(p) = 6*p**3 - 63*p**2 + 59*p - 153. List the prime factors of d(27).
3, 8179
Let g = 94 + -71. Suppose -7 = -6*f + g. Suppose 2*y = -f*y + 1008. What are the prime factors of y?
2, 3
Suppose 0 = -7*f - 7*f + 392. Suppose 5*o = 3*n + 42, 8 = 4*o - 3*n - f. Suppose 0 = -o*q + 1415 + 19. What are the prime factors of q?
239
Suppose -6160 = -a - v, 0 = 445*v - 450*v - 10. What are the prime factors of a?
2, 3, 13, 79
Let x be 118/(-2)*7/(-7). Suppose 0 = 3*r, -3*r + 46 = 5*g - 14. Let h = x + g. What are the prime factors of h?
71
Suppose -4*s + 18 = -2*b - 0*b, 0 = -3*s + 3*b + 21. Suppose 0*g = -5*c - 5*g + 3230, -s*c - 3*g + 1292 = 0. List the prime factors of c.
2, 17, 19
What are the prime factors of 3/(12/(43296 + -12))?
3, 3607
Let o(v) = -v**2 + 15*v + 7. Let u be o(15). Suppose u*z + 43 = 421. What are the prime factors of z?
2, 3
Suppose 0*j - j = -2. Let n(z) = 8*z**3 - 3*z**2 - 3*z + 6. List the prime factors of n(j).
2, 13
Let u(m) = 41*m**2 + 2*m + 3. Let o be u(-2). Let w = o + -101. List the prime factors of w.
2, 31
List the prime factors of 0/1 + 1358 + (59 - 54).
29, 47
Let l = 38 - 2. Let h(b) = -8*b - 46 - 5*b + l - 53. What are the prime factors of h(-20)?
197
Suppose d + 4*d + c - 8 = 0, -4*d = -2*c - 12. Let z(s) = 4*s - 13*s**2 + 11*s**d + 3*s**2 + 4. What are the prime factors of z(-7)?
5
Suppose 2*j + 38749 = 5*a, -4*j = -5*a - 16888 + 55641. What are the prime factors of a?
3, 7, 41
Let q(v) be the third derivative of -v**6/120 + v**5/60 - v**4/12 + 23*v**3/3 + 34*v**2 - 3. What are the prime factors of q(-6)?
2, 5, 31
Let v(n) = -n**2 + 5*n + 9697. What are the prime factors of v(0)?
9697
Let u(f) be the second derivative of -47*f**3/6 - 7*f**2/2 + 43*f. List the prime factors of u(-6).
5, 11
Suppose 2*o + 36 = -o. Let n = o + 15. Suppose -4*z - 180 = 4*b - 508, 4*b + 246 = n*z. What are the prime factors of z?
2, 41
Let a be ((-926)/(-3))/(7/(-3 - -129)). Suppose -7*c + 19*c = a. Suppose 4*t - 3*d - c = -102, t - 5*d - 103 = 0. What are the prime factors of t?
2, 11
Let b = 20332 - 2108. List the prime factors of b.
2, 17, 67
Let f(y) = 4*y**2 + 12*y + 97. Let u be f(24). Suppose -3*l - 5*w = -2081, 0 = 4*l - 3*w - u - 134. List the prime factors of l.
2, 3, 13
Let x(r) = -r + 9. Let y be x(4). Suppose 0*k = -2*o - k + 1125, -o = -y*k - 557. What are the prime factors of o?
2, 281
Let l(g) = -2*g**2 - 88*g + 90. List the prime factors of l(-20).
2, 3, 5, 7
Let v(d) = 35*d**2 - 7*d + 11. Let p be v(2). Suppose r + p = 755. List the prime factors of r.
2, 3, 103
Let v = 125 - -148. Suppose 40*a = 39*a + v. What are the prime factors of a?
3, 7, 13
Let j = 492 + -423. List the prime factors of j*(4 - (-56)/24).
19, 23
Let j(h) = 5*h + 34 - 3*h + 0*h + h. Let a be j(-14). List the prime factors of -2 + (-42)/a + 1/(-4).
3
Let g = 14671 + -7265. List the prime factors of g.
2, 7, 23
Let h = -143 + 144. List the prime factors of 590/((-4)/(-4) + h).
5, 59
Let c = 149689 - 86877. List the prime factors of c.
2, 41, 383
Let y(m) be the third derivative of 7*m**4/12 + 17*m**3/6 - 3*m**2. Suppose 169*r = 166*r + 36. List the prime factors of y(r).
5, 37
Let s = -4929 - -55816. List the prime factors of s.
151, 337
Let w = 6 + 11. Let f(r) = -10 - 31 + 21 - w - 7*r. What are the prime factors of f(-18)?
89
Suppose 0 = 4*f + 3*o - 1557, -3*f - 3*o = -773 - 394. Let v = -566 + f. Let m = -93 - v. List the prime factors of m.
83
Let q(n) = n**2 + 9*n + 19. Let a be q(-5). Let d(i) = 584*i**2 + 5*i + 1. What are the prime factors of d(a)?
2, 5, 29
Suppose 4*g - 2 = -3*n - 3, -3*n = -5*g - 8. What are the prime factors of (-2)/(-8) + (g - (-4163)/4)?
2, 5, 13
Let b = 17503 - 17390. What are the prime factors of b?
113
Suppose -5*q + m + 39069 = 0, -3*m - 15612 = q - 3*q. What are the prime factors of q?
3, 5, 521
List the prime factors of (1 + 1)/(18 - 1100974/61166).
2, 17, 257
Suppose -5*h + 23 = -z, 4*z + 0*h = -2*h - 202. Let m = z - -48. Suppose 0*l = 2*l + 4*a - 232, m = -3*l - 2*a + 344. List the prime factors of l.
2, 3, 19
Let r be (-12)/10*(-7 - (-110)/30). Suppose s + 2*s + 2*f = 1236, -r*s + 1643 = f. What are the prime factors of s?
2, 5, 41
Suppose 9 = -3*w + c + 48, c = -3*w + 45. Suppose -2*h = 2*i + w, i + 9 = -2*h - 0*h. What are the prime factors of (1035/(-10) + 6)*h/3?
5, 13
Let z(s) = -s**3 - 4*s**2 + 12*s. Let a be z(2). Suppose a = u + 7*u - 7456. List the prime factors of u.
2, 233
Let w(y) be the first derivative of -81*y**4/4 + y**3/3 - y**2 + 2*y - 25. Let v be w(1). Let q = 6 - v. What are the prime factors of q?
2, 43
Suppose 28 - 22 = 2*f. Let z(d) = 40*d**2 - 2*d - 6. Let n be z(f). Suppose -g - n = -4*g. What are the prime factors of g?
2, 29
Suppose -8 = x - 4*m, 43*x - 4*m + 8 = 45*x. Suppose o - 4 = -o. Suppose -o*v - 224 = -i - 36, x = 3*i - 5*v - 562. What are the prime factors 